{"id":917,"date":"2026-02-16T11:36:51","date_gmt":"2026-02-16T10:36:51","guid":{"rendered":"https:\/\/snoozdesignmillau.fr\/?page_id=917"},"modified":"2026-03-06T17:13:26","modified_gmt":"2026-03-06T16:13:26","slug":"snoozletter","status":"publish","type":"page","link":"https:\/\/snoozdesignmillau.fr\/index.php\/snoozletter\/","title":{"rendered":"SNOOZ&rsquo;letter !"},"content":{"rendered":"\n<p>Vous retrouverez ici toutes nos newsletters avec les \u00e9v\u00e9nements pass\u00e9s et les nouvelles de SNOOZ !<\/p>\n\n\n\n<div class=\"wp-block-columns is-layout-flex wp-container-core-columns-is-layout-28f84493 wp-block-columns-is-layout-flex\">\n<div class=\"wp-block-column is-layout-flow wp-block-column-is-layout-flow\">\n<figure class=\"wp-block-image size-large is-resized\"><img loading=\"lazy\" decoding=\"async\" width=\"724\" height=\"1024\" src=\"https:\/\/snoozdesignmillau.fr\/wp-content\/uploads\/2026\/03\/26_03-1snoozletter-1-724x1024.jpg\" alt=\"\" class=\"wp-image-946\" style=\"width:984px;height:auto\" srcset=\"https:\/\/snoozdesignmillau.fr\/wp-content\/uploads\/2026\/03\/26_03-1snoozletter-1-724x1024.jpg 724w, https:\/\/snoozdesignmillau.fr\/wp-content\/uploads\/2026\/03\/26_03-1snoozletter-1-212x300.jpg 212w, https:\/\/snoozdesignmillau.fr\/wp-content\/uploads\/2026\/03\/26_03-1snoozletter-1-768x1086.jpg 768w, https:\/\/snoozdesignmillau.fr\/wp-content\/uploads\/2026\/03\/26_03-1snoozletter-1-1086x1536.jpg 1086w, https:\/\/snoozdesignmillau.fr\/wp-content\/uploads\/2026\/03\/26_03-1snoozletter-1-1448x2048.jpg 1448w, https:\/\/snoozdesignmillau.fr\/wp-content\/uploads\/2026\/03\/26_03-1snoozletter-1-scaled.jpg 1810w\" sizes=\"auto, (max-width: 724px) 100vw, 724px\" \/><\/figure>\n\n\n\n<figure class=\"wp-block-image size-large is-resized\"><img loading=\"lazy\" decoding=\"async\" width=\"724\" height=\"1024\" src=\"https:\/\/snoozdesignmillau.fr\/wp-content\/uploads\/2026\/02\/26_02-1snoozletter-724x1024.jpg\" alt=\"\" class=\"wp-image-921\" style=\"width:984px;height:auto\" srcset=\"https:\/\/snoozdesignmillau.fr\/wp-content\/uploads\/2026\/02\/26_02-1snoozletter-724x1024.jpg 724w, https:\/\/snoozdesignmillau.fr\/wp-content\/uploads\/2026\/02\/26_02-1snoozletter-212x300.jpg 212w, https:\/\/snoozdesignmillau.fr\/wp-content\/uploads\/2026\/02\/26_02-1snoozletter-768x1086.jpg 768w, https:\/\/snoozdesignmillau.fr\/wp-content\/uploads\/2026\/02\/26_02-1snoozletter-1086x1536.jpg 1086w, https:\/\/snoozdesignmillau.fr\/wp-content\/uploads\/2026\/02\/26_02-1snoozletter.jpg 1240w\" sizes=\"auto, (max-width: 724px) 100vw, 724px\" \/><\/figure>\n\n\n\n<figure class=\"wp-block-gallery has-nested-images columns-default is-cropped wp-block-gallery-1 is-layout-flex wp-block-gallery-is-layout-flex\">\n<figure class=\"wp-block-image size-large\"><img loading=\"lazy\" decoding=\"async\" width=\"724\" height=\"1024\" data-id=\"924\" src=\"https:\/\/snoozdesignmillau.fr\/wp-content\/uploads\/2026\/02\/26_01-1snoozletter-724x1024.jpg\" alt=\"\" class=\"wp-image-924\" srcset=\"https:\/\/snoozdesignmillau.fr\/wp-content\/uploads\/2026\/02\/26_01-1snoozletter-724x1024.jpg 724w, https:\/\/snoozdesignmillau.fr\/wp-content\/uploads\/2026\/02\/26_01-1snoozletter-212x300.jpg 212w, https:\/\/snoozdesignmillau.fr\/wp-content\/uploads\/2026\/02\/26_01-1snoozletter-768x1086.jpg 768w, https:\/\/snoozdesignmillau.fr\/wp-content\/uploads\/2026\/02\/26_01-1snoozletter-1086x1536.jpg 1086w, https:\/\/snoozdesignmillau.fr\/wp-content\/uploads\/2026\/02\/26_01-1snoozletter.jpg 1240w\" sizes=\"auto, (max-width: 724px) 100vw, 724px\" \/><\/figure>\n<\/figure>\n<\/div>\n\n\n\n<div class=\"wp-block-column is-layout-flow wp-block-column-is-layout-flow\">\n<figure class=\"wp-block-image size-large is-resized\"><img loading=\"lazy\" decoding=\"async\" width=\"724\" height=\"1024\" src=\"https:\/\/snoozdesignmillau.fr\/wp-content\/uploads\/2026\/03\/26_03-2snoozletter-1-724x1024.jpg\" alt=\"\" class=\"wp-image-945\" style=\"width:984px;height:auto\" srcset=\"https:\/\/snoozdesignmillau.fr\/wp-content\/uploads\/2026\/03\/26_03-2snoozletter-1-724x1024.jpg 724w, https:\/\/snoozdesignmillau.fr\/wp-content\/uploads\/2026\/03\/26_03-2snoozletter-1-212x300.jpg 212w, https:\/\/snoozdesignmillau.fr\/wp-content\/uploads\/2026\/03\/26_03-2snoozletter-1-768x1086.jpg 768w, https:\/\/snoozdesignmillau.fr\/wp-content\/uploads\/2026\/03\/26_03-2snoozletter-1-1086x1536.jpg 1086w, https:\/\/snoozdesignmillau.fr\/wp-content\/uploads\/2026\/03\/26_03-2snoozletter-1-1448x2048.jpg 1448w, https:\/\/snoozdesignmillau.fr\/wp-content\/uploads\/2026\/03\/26_03-2snoozletter-1-scaled.jpg 1810w\" sizes=\"auto, (max-width: 724px) 100vw, 724px\" \/><\/figure>\n\n\n\n<figure class=\"wp-block-image size-large is-resized\"><img loading=\"lazy\" decoding=\"async\" width=\"724\" height=\"1024\" src=\"https:\/\/snoozdesignmillau.fr\/wp-content\/uploads\/2026\/02\/26_02-2snoozletter-724x1024.jpg\" alt=\"\" class=\"wp-image-922\" style=\"width:984px;height:auto\" srcset=\"https:\/\/snoozdesignmillau.fr\/wp-content\/uploads\/2026\/02\/26_02-2snoozletter-724x1024.jpg 724w, https:\/\/snoozdesignmillau.fr\/wp-content\/uploads\/2026\/02\/26_02-2snoozletter-212x300.jpg 212w, https:\/\/snoozdesignmillau.fr\/wp-content\/uploads\/2026\/02\/26_02-2snoozletter-768x1086.jpg 768w, https:\/\/snoozdesignmillau.fr\/wp-content\/uploads\/2026\/02\/26_02-2snoozletter-1086x1536.jpg 1086w, https:\/\/snoozdesignmillau.fr\/wp-content\/uploads\/2026\/02\/26_02-2snoozletter.jpg 1240w\" sizes=\"auto, (max-width: 724px) 100vw, 724px\" \/><\/figure>\n\n\n\n<figure class=\"wp-block-image size-large is-resized\"><img loading=\"lazy\" decoding=\"async\" width=\"724\" height=\"1024\" src=\"https:\/\/snoozdesignmillau.fr\/wp-content\/uploads\/2026\/02\/26_01-2snoozletter-724x1024.jpg\" alt=\"\" class=\"wp-image-925\" style=\"aspect-ratio:0.7070320274072305;width:984px;height:auto\" srcset=\"https:\/\/snoozdesignmillau.fr\/wp-content\/uploads\/2026\/02\/26_01-2snoozletter-724x1024.jpg 724w, https:\/\/snoozdesignmillau.fr\/wp-content\/uploads\/2026\/02\/26_01-2snoozletter-212x300.jpg 212w, https:\/\/snoozdesignmillau.fr\/wp-content\/uploads\/2026\/02\/26_01-2snoozletter-768x1086.jpg 768w, https:\/\/snoozdesignmillau.fr\/wp-content\/uploads\/2026\/02\/26_01-2snoozletter-1086x1536.jpg 1086w, https:\/\/snoozdesignmillau.fr\/wp-content\/uploads\/2026\/02\/26_01-2snoozletter.jpg 1240w\" sizes=\"auto, (max-width: 724px) 100vw, 724px\" \/><\/figure>\n<\/div>\n\n\n\n<div class=\"wp-block-column is-layout-flow wp-block-column-is-layout-flow\"><\/div>\n<\/div>\n\n\n\n<div class=\"wp-block-buttons is-layout-flex wp-block-buttons-is-layout-flex\">\n<div class=\"wp-block-button\"><a class=\"wp-block-button__link wp-element-button\" href=\"https:\/\/snoozdesignmillau.fr\/\">Accueil<\/a><\/div>\n<\/div>\n\n\n\n<p><\/p>\n","protected":false},"excerpt":{"rendered":"<p>Vous retrouverez ici toutes nos newsletters avec les \u00e9v\u00e9nements pass\u00e9s et les nouvelles de SNOOZ !<\/p>\n","protected":false},"author":1,"featured_media":0,"parent":0,"menu_order":0,"comment_status":"closed","ping_status":"closed","template":"","meta":{"footnotes":""},"class_list":["post-917","page","type-page","status-publish","hentry"],"_links":{"self":[{"href":"https:\/\/snoozdesignmillau.fr\/index.php\/wp-json\/wp\/v2\/pages\/917","targetHints":{"allow":["GET"]}}],"collection":[{"href":"https:\/\/snoozdesignmillau.fr\/index.php\/wp-json\/wp\/v2\/pages"}],"about":[{"href":"https:\/\/snoozdesignmillau.fr\/index.php\/wp-json\/wp\/v2\/types\/page"}],"author":[{"embeddable":true,"href":"https:\/\/snoozdesignmillau.fr\/index.php\/wp-json\/wp\/v2\/users\/1"}],"replies":[{"embeddable":true,"href":"https:\/\/snoozdesignmillau.fr\/index.php\/wp-json\/wp\/v2\/comments?post=917"}],"version-history":[{"count":7,"href":"https:\/\/snoozdesignmillau.fr\/index.php\/wp-json\/wp\/v2\/pages\/917\/revisions"}],"predecessor-version":[{"id":947,"href":"https:\/\/snoozdesignmillau.fr\/index.php\/wp-json\/wp\/v2\/pages\/917\/revisions\/947"}],"wp:attachment":[{"href":"https:\/\/snoozdesignmillau.fr\/index.php\/wp-json\/wp\/v2\/media?parent=917"}],"curies":[{"name":"wp","href":"https:\/\/api.w.org\/{rel}","templated":true}]}}