{"id":585,"date":"2025-03-18T09:50:26","date_gmt":"2025-03-18T08:50:26","guid":{"rendered":"https:\/\/snoozdesignmillau.fr\/?page_id=585"},"modified":"2026-04-09T16:41:43","modified_gmt":"2026-04-09T14:41:43","slug":"le-reseau-snooz","status":"publish","type":"page","link":"https:\/\/snoozdesignmillau.fr\/index.php\/le-reseau-snooz\/","title":{"rendered":"\/ Le r\u00e9seau SNOOZ!"},"content":{"rendered":"\n<p><em>Les actions de SNOOZ! reposent sur un r\u00e9seau dynamique d\u2019\u00e9coles, d\u2019associations, d\u2019entreprises et de collectivit\u00e9s qui nous soutiennent ou nous fournissent des mat\u00e9riaux. Ensemble, nous donnons une seconde vie aux mati\u00e8res et sensibilisons \u00e0 l\u2019\u00e9conomie circulaire.<\/em><\/p>\n\n\n\n<hr class=\"wp-block-separator has-alpha-channel-opacity\"\/>\n\n\n\n<p><mark style=\"background-color:#ffffff\" class=\"has-inline-color has-black-color\"><strong>Ils nous soutiennent<\/strong> : collectivit\u00e9s, \u00e9coles, associations, entreprises &#8230; <\/mark><\/p>\n\n\n\n<ul class=\"wp-block-list\">\n<li><a href=\"https:\/\/www.facebook.com\/lebarbouille\/?locale=fr_FR\" data-type=\"link\" data-id=\"https:\/\/www.facebook.com\/lebarbouille\/?locale=fr_FR\">Le Bar&rsquo;bouille <\/a><\/li>\n\n\n\n<li><a href=\"https:\/\/caussescompost.assoconnect.com\/page\/2474260-l-association\" data-type=\"link\" data-id=\"https:\/\/caussescompost.assoconnect.com\/page\/2474260-l-association\">Causses Compost <\/a><\/li>\n\n\n\n<li>Le Parc Naturel R\u00e9gional des Grands Causses (PNR) <\/li>\n\n\n\n<li>Jules Ferry (\u00e9cole public Millau) <\/li>\n\n\n\n<li>R\u00e9gion Occitanie <em>(financement de mat\u00e9riel 2024) <\/em><\/li>\n\n\n\n<li><a href=\"https:\/\/sprocket.fr\/\" data-type=\"link\" data-id=\"https:\/\/sprocket.fr\/\">Sprocket<\/a><\/li>\n\n\n\n<li><a href=\"https:\/\/www.instagram.com\/lamoussequitache\/\" data-type=\"link\" data-id=\"https:\/\/www.instagram.com\/lamoussequitache\/\">La mousse qui tache<\/a><\/li>\n<\/ul>\n\n\n\n<hr class=\"wp-block-separator has-alpha-channel-opacity\"\/>\n\n\n\n<p><\/p>\n\n\n\n<p><strong>Ils nous fournissent des mati\u00e8res<\/strong> : entreprises locales, artisans, commerces\u2026<\/p>\n\n\n\n<ul class=\"wp-block-list\">\n<li><a href=\"https:\/\/www.instagram.com\/lamoussequitache\/\" data-type=\"link\" data-id=\"https:\/\/www.instagram.com\/lamoussequitache\/\">La mousse qui tache<\/a> (fut et carton) <\/li>\n\n\n\n<li><a href=\"https:\/\/letrinquero.fr\/\" data-type=\"link\" data-id=\"https:\/\/letrinquero.fr\/\">Le Trinquero<\/a> (papiers et cartons de jeux)<\/li>\n\n\n\n<li><a href=\"https:\/\/www.megisserielauret.fr\/\" data-type=\"link\" data-id=\"https:\/\/www.megisserielauret.fr\/\">M\u00e9gisserie Lauret<\/a> (chutes de cuir) <\/li>\n\n\n\n<li><a href=\"https:\/\/sprocket.fr\/\" data-type=\"link\" data-id=\"https:\/\/sprocket.fr\/\">Sprocket<\/a> (chambre \u00e0 air et roue de v\u00e9lo) <\/li>\n\n\n\n<li>My Little Cocoon (chutes textile et mousse)<\/li>\n\n\n\n<li>Mousse cr\u00e9ation 12 (chutes de mousse)<\/li>\n\n\n\n<li>Le cosy (bouchons en li\u00e8ge) <\/li>\n\n\n\n<li>Giovanni (bouchons en li\u00e8ge)<\/li>\n\n\n\n<li><a href=\"https:\/\/lappara.com\/\" data-type=\"link\" data-id=\"https:\/\/lappara.com\/\">Lappara<\/a> (chutes de cuir) <\/li>\n\n\n\n<li><a href=\"https:\/\/www.voilensac.com\/fr\/\" data-type=\"link\" data-id=\"https:\/\/www.voilensac.com\/fr\/\">Voile en sac<\/a> (textile) <\/li>\n\n\n\n<li><a href=\"https:\/\/www.horizon-millau.com\/\" data-type=\"link\" data-id=\"https:\/\/www.horizon-millau.com\/\">Horizon Millau<\/a> (sangle) <\/li>\n\n\n\n<li>March\u00e9 de Millau (cagette)<\/li>\n<\/ul>\n\n\n\n<div class=\"wp-block-columns are-vertically-aligned-center is-layout-flex wp-container-core-columns-is-layout-28f84493 wp-block-columns-is-layout-flex\">\n<div class=\"wp-block-column is-vertically-aligned-center is-layout-flow wp-block-column-is-layout-flow\" style=\"flex-basis:100%\">\n<div class=\"wp-block-buttons is-layout-flex wp-block-buttons-is-layout-flex\">\n<div class=\"wp-block-button\"><a class=\"wp-block-button__link has-text-align-center wp-element-button\" href=\"https:\/\/snoozdesignmillau.fr\/index.php\/contact\/\">Rejoignez notre r\u00e9seau !<\/a><\/div>\n\n\n\n<div class=\"wp-block-button\"><a class=\"wp-block-button__link wp-element-button\" href=\"https:\/\/snoozdesignmillau.fr\/\">Accueil<\/a><\/div>\n<\/div>\n<\/div>\n<\/div>\n\n\n\n<p><\/p>\n","protected":false},"excerpt":{"rendered":"<p>Les actions de SNOOZ! reposent sur un r\u00e9seau dynamique d\u2019\u00e9coles, d\u2019associations, d\u2019entreprises et de collectivit\u00e9s qui nous soutiennent ou nous fournissent des mat\u00e9riaux. Ensemble, nous donnons une seconde vie aux mati\u00e8res et sensibilisons \u00e0 l\u2019\u00e9conomie circulaire. Ils nous soutiennent : collectivit\u00e9s, \u00e9coles, associations, entreprises &#8230; Ils nous fournissent des mati\u00e8res : entreprises locales, artisans, commerces\u2026<\/p>\n","protected":false},"author":1,"featured_media":0,"parent":0,"menu_order":0,"comment_status":"closed","ping_status":"closed","template":"","meta":{"footnotes":""},"class_list":["post-585","page","type-page","status-publish","hentry"],"_links":{"self":[{"href":"https:\/\/snoozdesignmillau.fr\/index.php\/wp-json\/wp\/v2\/pages\/585","targetHints":{"allow":["GET"]}}],"collection":[{"href":"https:\/\/snoozdesignmillau.fr\/index.php\/wp-json\/wp\/v2\/pages"}],"about":[{"href":"https:\/\/snoozdesignmillau.fr\/index.php\/wp-json\/wp\/v2\/types\/page"}],"author":[{"embeddable":true,"href":"https:\/\/snoozdesignmillau.fr\/index.php\/wp-json\/wp\/v2\/users\/1"}],"replies":[{"embeddable":true,"href":"https:\/\/snoozdesignmillau.fr\/index.php\/wp-json\/wp\/v2\/comments?post=585"}],"version-history":[{"count":16,"href":"https:\/\/snoozdesignmillau.fr\/index.php\/wp-json\/wp\/v2\/pages\/585\/revisions"}],"predecessor-version":[{"id":957,"href":"https:\/\/snoozdesignmillau.fr\/index.php\/wp-json\/wp\/v2\/pages\/585\/revisions\/957"}],"wp:attachment":[{"href":"https:\/\/snoozdesignmillau.fr\/index.php\/wp-json\/wp\/v2\/media?parent=585"}],"curies":[{"name":"wp","href":"https:\/\/api.w.org\/{rel}","templated":true}]}}